common factor of f and n?
8
Suppose -4*i + 39 + 65 = 0. What is the greatest common divisor of 39 and i?
13
Let j = 8 + 4. Let a(c) = 2*c - 3. Let s be a(4). Suppose 81 = -s*w + 231. Calculate the highest common factor of j and w.
6
Let v(p) = -p**2 + 17*p - 62. Let n be v(10). Let l = 78 - 22. What is the greatest common divisor of l and n?
8
Let j be 98/8 - ((-5)/(-20) + 0). What is the greatest common divisor of 6 and j?
6
Suppose 0 = q + 8*q - 486. Calculate the highest common factor of q and 27.
27
Let f = -6 + 8. Suppose f*h + 52 = 4*h. Calculate the highest common divisor of h and 39.
13
Let i be 33/(-2)*(-26)/39. What is the greatest common divisor of 99 and i?
11
Let r(k) = -k**3 + k**2 - 2*k + 1. Let d be r(2). Let u = d - -10. Suppose 5*p + 4*g = -3 + 110, 71 = u*p - g. What is the highest common factor of p and 161?
23
Let c(t) = t. Let a(n) = -4*n + 4. Let b(q) = -3*a(q) + 21*c(q). Let h be b(8). Suppose -7*i + 5*i = -h. What is the highest common divisor of i and 18?
18
Suppose -176 = -6*d - 2*d. What is the highest common factor of d and 2?
2
Let j(f) = -2*f**2 - 11*f - 6. Let a be j(8). Let y be (-3)/(-12) + a/(-8). Calculate the highest common factor of y and 4.
4
Let o(d) = -3*d**2 + 3*d - 2. Let k be o(4). Let t be k*(1/(-2) + 2). Let l = 92 + t. What is the highest common factor of l and 7?
7
Let i(o) = o + 12. Let b be i(5). Calculate the highest common factor of b and 17.
17
Let s(k) = -k**3 + 6*k**2 + 11*k - 5. Let j be s(7). Suppose -7 = 2*f - j. Calculate the greatest common divisor of 20 and f.
4
Suppose -r = -0*r - 3. Suppose 0 = 3*d + k + 5, 2*k + 0 + 6 = -2*d. Let p = d - -10. Calculate the highest common divisor of p and r.
3
Let j = 7 - 4. Suppose -p - 5*h = -3, -4 = -4*p + 2*h + 8. Calculate the greatest common divisor of j and p.
3
Let u(g) = 2*g**3 - 2*g**2 - 7*g + 1. Let h be u(3). Calculate the greatest common factor of h and 64.
16
Let u(q) = -7*q + 5 - 4 + 5. Let o be u(-6). Calculate the highest common divisor of 120 and o.
24
Suppose -b + 36 = -6. What is the greatest common factor of 14 and b?
14
Let b = 2 + 0. Let t be 45/12 - (-1)/4. Suppose -5*p - 23 = 2*f, -t*p = -3*f - 12 + 35. Calculate the greatest common divisor of f and b.
1
Suppose -3*o = -2*f - 2 - 7, -2 = -4*f + 2*o. Suppose 133 = f*d - 329. Let u be 15/3 - -7 - -2. What is the greatest common divisor of u and d?
14
Let c = 11 - -94. Let g(i) = 41*i**3 + i**2 - i + 1. Let j be g(1). What is the greatest common factor of c and j?
21
Let d = 20 - 0. What is the highest common factor of d and 4?
4
Let a = 54 - 10. What is the highest common divisor of a and 110?
22
Let t(d) = -d**2 - 5*d + 3. Let m be t(-7). Let l = m - -14. Suppose l*p - c = 410, 7*c + 416 = 3*p + 3*c. Calculate the greatest common factor of p and 17.
17
Let w(h) = 26*h. Let f be w(1). Let b = -1 - -4. Suppose b*k = -3*j + 624, 2*j - k - 416 = -4*k. Calculate the highest common divisor of f and j.
26
Let d = 10 + -4. Suppose 4*h - h = 204. Let j = h - 38. What is the highest common divisor of d and j?
6
Let o(w) = -15*w + 5. Let z be o(-1). Calculate the greatest common divisor of z and 4.
4
Suppose 4*u - 2*m + 28 - 96 = 0, 4*u - 5*m - 74 = 0. What is the greatest common factor of 48 and u?
16
Let h(k) = -6*k. Suppose -2*c + 2 + 0 = 0. Let l be 2*-1*1 - c. Let x be h(l). What is the highest common factor of x and 198?
18
Suppose -5*p - 5 = 0, p = 4*d - 4*p - 45. Calculate the highest common factor of 70 and d.
10
Let a be (1 + 38/(-8))/(48/(-128)). What is the highest common factor of a and 50?
10
Let g(w) = 2*w**2 + 4*w - w**2 + w**2. Let i be g(-3). Let a(y) = -y + 17. Let k be a(5). What is the greatest common divisor of i and k?
6
Let c(m) = m**3 + 5*m**2 - 2*m. Let q be c(4). Let w(j) = -12*j**2 + 51*j + 5. Let s be w(4). What is the highest common divisor of q and s?
17
Suppose 4*n + 0*f = f + 749, 0 = -3*n + 5*f + 566. Let u(p) = -p**3 + 5*p**2 + 10*p - 7. Let t be u(6). What is the highest common divisor of n and t?
17
Let x = -73 + 123. Let b(q) = q**2 - 2*q - 3. Let t be b(3). Suppose t = -2*y + y + x. What is the greatest common factor of y and 10?
10
Suppose 2*q - 465 = -5*m, 5*q + 4*m = 1730 - 593. What is the greatest common factor of q and 25?
25
Let j(s) be the first derivative of 5*s**2/2 - 4*s - 1. Let n be j(3). Suppose -2*i + 58 + 96 = 0. What is the greatest common divisor of n and i?
11
Let r be 2 + (1 - 3 - -2). Suppose 3*c - r = 25. Let o be 138/c - 2/(-3). What is the highest common divisor of 40 and o?
8
Suppose 5*f - 29 = 121. Suppose 0*i + 5*i = -n + 75, n - 4*i - f = 0. Let h = -32 + n. What is the greatest common factor of h and 126?
18
Let i(x) = -195*x**2 - 16*x + 11. Let q(u) = 39*u**2 + 3*u - 2. Let o(g) = 2*i(g) + 11*q(g). Let l be o(1). What is the greatest common divisor of l and 60?
20
Suppose -4*b - 10 = 2*w - 0*w, b = 3*w + 15. Suppose -3*p + 2*d - d + 111 = 0, b = -4*p + 4*d + 156. What is the highest common divisor of 36 and p?
36
Suppose -3*o - 13 + 183 = 2*p, -5*o - p = -281. Calculate the highest common divisor of 7 and o.
7
Let u(n) = 2*n**2 - 3*n + 5. Let g be u(5). Suppose g + 30 = 5*r. Calculate the greatest common factor of r and 112.
14
Let p be (-35)/5*12/(-14). Suppose 5*i - 50 = -3*h, -32 = -3*h + i - p. Calculate the highest common divisor of 30 and h.
10
Let b(f) = 3*f**2 - 12*f - 9. Let g(r) = -4*r**2 + 11*r + 8. Let a(u) = -3*b(u) - 2*g(u). Let y be a(9). What is the greatest common factor of 14 and y?
14
Let j = 0 - 8. Let g = 41 + j. What is the highest common divisor of 3 and g?
3
Let p(a) = 6*a**3 - 3*a**2. Let m be p(2). What is the greatest common factor of 9 and m?
9
Let a = 54 - 7. Let w = a - 19. What is the highest common divisor of 252 and w?
28
Let q be (9/(-6))/((-3)/8). Suppose -3*v - 3*x = -39 - 48, 4*v - q*x - 140 = 0. Let i = v - 15. Calculate the highest common factor of i and 187.
17
Let o be 1*3*4/(-4). Let g = 12 - o. Calculate the highest common divisor of 10 and g.
5
Let p = 131 + -69. Let f = p - 44. What is the greatest common factor of f and 2?
2
Let d = -8 + 12. Let n(x) = x**3 - 5*x**2 + 4*x - 3. Let y be n(d). Let f = y + 17. What is the greatest common divisor of f and 21?
7
Let h = 7 - 3. Suppose -d = 5*k - 10, 5*d + 5*k - 13 + 3 = 0. Suppose -2*z + z + 4 = d. What is the highest common divisor of z and h?
4
Suppose -4*q + 5*s + 145 = -33, 118 = 3*q + 4*s. Calculate the highest common factor of 6 and q.
6
Suppose -50 = f - 4*f - 2*s, -4*f - 2*s = -68. Let m = 14 + -28. Let d = 23 + m. What is the highest common divisor of d and f?
9
Suppose -3*n = -19 + 4. Calculate the greatest common factor of n and 125.
5
Suppose -33 = -o + 27. Let d be (-3 - -2 - -2)*2. Suppose 180 = d*s - o. Calculate the highest common divisor of s and 12.
12
Let z = -15 + 32. What is the greatest common divisor of 1 and z?
1
Let r be (-44)/(-10) + 6/(-15). Suppose 2*l - 70 = -r*x, 4*l = 2*x - l - 17. What is the highest common divisor of 64 and x?
16
Let t(j) = -5 + 3*j**2 - 4*j - 4*j - 5*j + j**3 + 6*j**2. Let q be t(-9). Calculate the highest common divisor of q and 14.
14
Let h = 5 - 5. Let r = 7 - h. What is the greatest common divisor of r and 14?
7
Let m(s) = -1 + 4*s - 3*s**2 + 0*s**2 + 4*s**2. Let b be m(-6). Suppose b = 3*p + o + 3, 2*p - 22 = -4*o. What is the greatest common divisor of p and 1?
1
Let r be (-10)/3*(-312)/10. Let h be (-14)/(-63) + (-230)/(-18). What is the greatest common divisor of r and h?
13
Let q(p) = p**2 + 8. Let y be q(0). Let w be -9*(2 - y/3). What is the highest common factor of 30 and w?
6
Suppose -9*f + 6 = -3*f. Calculate the greatest common divisor of 8 and f.
1
Let p = 115 + -75. What is the highest common factor of p and 40?
40
Let y = 1 + -1. Let c(s) = -2*s + 90. Let q be c(y). Calculate the greatest common divisor of q and 18.
18
Suppose 2*j = -2*t + 28, -j + 2 = -2*t - 9. Let u be (-727)/(-8) - 3/(-24). Calculate the highest common divisor of u and j.
13
Suppose -4*u + 3*u - 44 = -2*w, 108 = 5*w - 3*u. Calculate the greatest common divisor of 12 and w.
12
Let c(n) be the second derivative of -23*n**5/20 - n**4/12 - n**3/6 - n**2/2 - n. Let x be c(-1). What is the greatest common factor of 22 and x?
22
Let j(b) = 6*b**2 - 8*b - 3. Let u be j(6). What is the highest 